{"id":130,"date":"2025-03-20T10:48:12","date_gmt":"2025-03-20T10:48:12","guid":{"rendered":"http:\/\/toskanamutfagim.com.tr\/?page_id=130"},"modified":"2025-03-20T10:48:12","modified_gmt":"2025-03-20T10:48:12","slug":"tasima-yemek-hizmeti","status":"publish","type":"page","link":"https:\/\/toskanamutfagim.com.tr\/?page_id=130","title":{"rendered":"Ta\u015f\u0131ma Yemek Hizmeti"},"content":{"rendered":"\n<div class=\"wp-block-columns is-layout-flex wp-container-core-columns-is-layout-1 wp-block-columns-is-layout-flex\">\n<div class=\"wp-block-column is-layout-flow wp-block-column-is-layout-flow\">\n<figure class=\"wp-block-image size-large\"><img fetchpriority=\"high\" decoding=\"async\" width=\"1024\" height=\"684\" src=\"https:\/\/toskanamutfagim.com.tr\/wp-content\/uploads\/2025\/03\/tasima-1-1024x684.jpg\" alt=\"\" class=\"wp-image-131\" srcset=\"https:\/\/toskanamutfagim.com.tr\/wp-content\/uploads\/2025\/03\/tasima-1-1024x684.jpg 1024w, https:\/\/toskanamutfagim.com.tr\/wp-content\/uploads\/2025\/03\/tasima-1-300x201.jpg 300w, https:\/\/toskanamutfagim.com.tr\/wp-content\/uploads\/2025\/03\/tasima-1-768x513.jpg 768w, https:\/\/toskanamutfagim.com.tr\/wp-content\/uploads\/2025\/03\/tasima-1-1536x1027.jpg 1536w, https:\/\/toskanamutfagim.com.tr\/wp-content\/uploads\/2025\/03\/tasima-1-2048x1369.jpg 2048w\" sizes=\"(max-width: 1024px) 100vw, 1024px\" \/><\/figure>\n<\/div>\n\n\n\n<div class=\"wp-block-column is-layout-flow wp-block-column-is-layout-flow\">\n<p>G\u00fcnl\u00fck personel yemekleriniz i\u00e7in Ta\u015f\u0131ma \u00dcretim hizmetimiz, sa\u011fl\u0131kl\u0131, lezzetli ve dengeli se\u00e7eneklerle \u00e7al\u0131\u015fanlar\u0131n\u0131z\u0131n ihtiya\u00e7lar\u0131n\u0131 en iyi \u015fekilde kar\u015f\u0131lamay\u0131 ama\u00e7l\u0131yor. Uzman ekibimiz taraf\u0131ndan taze ve hijyenik ko\u015fullarda haz\u0131rlanan yemekler, ta\u015f\u0131ma esnas\u0131nda bile tazeliklerini koruyacak \u015fekilde \u00f6zenle paketlenir ve tam zaman\u0131nda teslim edilir. \u00c7al\u0131\u015fanlar\u0131n\u0131z\u0131n yo\u011fun i\u015f temposunda ihtiya\u00e7 duydu\u011fu enerjiyi sa\u011flamak i\u00e7in besleyici ve \u00f6zenle haz\u0131rlanm\u0131\u015f men\u00fcler sunuyoruz.<\/p>\n\n\n\n<p>Esnek men\u00fc se\u00e7eneklerimiz, her i\u015fletmenin farkl\u0131 ihtiya\u00e7lar\u0131na uygun \u00e7\u00f6z\u00fcmler sunar. Diyet gereksinimlerinden damak tad\u0131na kadar her ayr\u0131nt\u0131y\u0131 dikkate al\u0131yor, \u00e7al\u0131\u015fanlar\u0131n\u0131z\u0131n memnuniyetini \u00f6n planda tutuyoruz. \u0130\u015fyerinizdeki yemek hizmeti y\u00fck\u00fcn\u00fc ortadan kald\u0131r\u0131rken, profesyonel hizmet anlay\u0131\u015f\u0131m\u0131zla g\u00fcvenilir bir \u00e7\u00f6z\u00fcm sunuyoruz.<\/p>\n\n\n\n<p>Ta\u015f\u0131ma \u00dcretim hizmetimiz, sadece \u00e7al\u0131\u015fanlar\u0131n\u0131za enerji vermekle kalmaz; ayn\u0131 zamanda onlar\u0131n motivasyonunu art\u0131rarak daha verimli bir \u00e7al\u0131\u015fma ortam\u0131 olu\u015fturman\u0131za da yard\u0131mc\u0131 olur. Uzun vadede \u00e7al\u0131\u015fan sa\u011fl\u0131\u011f\u0131na yat\u0131r\u0131m yapman\u0131n i\u015fletmenizin ba\u015far\u0131s\u0131na katk\u0131da bulunaca\u011f\u0131 bilinciyle hareket ediyoruz. G\u00fcnl\u00fck personel yemekleriniz i\u00e7in hem pratik hem de lezzet dolu bir \u00e7\u00f6z\u00fcm ar\u0131yorsan\u0131z, biz buraday\u0131z.<\/p>\n<\/div>\n<\/div>\n","protected":false},"excerpt":{"rendered":"<p>G\u00fcnl\u00fck personel yemekleriniz i\u00e7in Ta\u015f\u0131ma \u00dcretim hizmetimiz, sa\u011fl\u0131kl\u0131, lezzetli ve dengeli se\u00e7eneklerle \u00e7al\u0131\u015fanlar\u0131n\u0131z\u0131n ihtiya\u00e7lar\u0131n\u0131 en iyi \u015fekilde kar\u015f\u0131lamay\u0131 ama\u00e7l\u0131yor. Uzman [&hellip;]<\/p>\n","protected":false},"author":1,"featured_media":0,"parent":0,"menu_order":0,"comment_status":"closed","ping_status":"closed","template":"","meta":{"site-sidebar-layout":"default","site-content-layout":"","ast-site-content-layout":"","site-content-style":"default","site-sidebar-style":"default","ast-global-header-display":"","ast-banner-title-visibility":"","ast-main-header-display":"","ast-hfb-above-header-display":"","ast-hfb-below-header-display":"","ast-hfb-mobile-header-display":"","site-post-title":"","ast-breadcrumbs-content":"","ast-featured-img":"","footer-sml-layout":"","theme-transparent-header-meta":"","adv-header-id-meta":"","stick-header-meta":"","header-above-stick-meta":"","header-main-stick-meta":"","header-below-stick-meta":"","astra-migrate-meta-layouts":"default","ast-page-background-enabled":"default","ast-page-background-meta":{"desktop":{"background-color":"var(--ast-global-color-5)","background-image":"","background-repeat":"repeat","background-position":"center center","background-size":"auto","background-attachment":"scroll","background-type":"","background-media":"","overlay-type":"","overlay-color":"","overlay-opacity":"","overlay-gradient":""},"tablet":{"background-color":"","background-image":"","background-repeat":"repeat","background-position":"center center","background-size":"auto","background-attachment":"scroll","background-type":"","background-media":"","overlay-type":"","overlay-color":"","overlay-opacity":"","overlay-gradient":""},"mobile":{"background-color":"","background-image":"","background-repeat":"repeat","background-position":"center center","background-size":"auto","background-attachment":"scroll","background-type":"","background-media":"","overlay-type":"","overlay-color":"","overlay-opacity":"","overlay-gradient":""}},"ast-content-background-meta":{"desktop":{"background-color":"var(--ast-global-color-4)","background-image":"","background-repeat":"repeat","background-position":"center center","background-size":"auto","background-attachment":"scroll","background-type":"","background-media":"","overlay-type":"","overlay-color":"","overlay-opacity":"","overlay-gradient":""},"tablet":{"background-color":"var(--ast-global-color-4)","background-image":"","background-repeat":"repeat","background-position":"center center","background-size":"auto","background-attachment":"scroll","background-type":"","background-media":"","overlay-type":"","overlay-color":"","overlay-opacity":"","overlay-gradient":""},"mobile":{"background-color":"var(--ast-global-color-4)","background-image":"","background-repeat":"repeat","background-position":"center center","background-size":"auto","background-attachment":"scroll","background-type":"","background-media":"","overlay-type":"","overlay-color":"","overlay-opacity":"","overlay-gradient":""}},"footnotes":""},"class_list":["post-130","page","type-page","status-publish","hentry"],"_links":{"self":[{"href":"https:\/\/toskanamutfagim.com.tr\/index.php?rest_route=\/wp\/v2\/pages\/130","targetHints":{"allow":["GET"]}}],"collection":[{"href":"https:\/\/toskanamutfagim.com.tr\/index.php?rest_route=\/wp\/v2\/pages"}],"about":[{"href":"https:\/\/toskanamutfagim.com.tr\/index.php?rest_route=\/wp\/v2\/types\/page"}],"author":[{"embeddable":true,"href":"https:\/\/toskanamutfagim.com.tr\/index.php?rest_route=\/wp\/v2\/users\/1"}],"replies":[{"embeddable":true,"href":"https:\/\/toskanamutfagim.com.tr\/index.php?rest_route=%2Fwp%2Fv2%2Fcomments&post=130"}],"version-history":[{"count":1,"href":"https:\/\/toskanamutfagim.com.tr\/index.php?rest_route=\/wp\/v2\/pages\/130\/revisions"}],"predecessor-version":[{"id":132,"href":"https:\/\/toskanamutfagim.com.tr\/index.php?rest_route=\/wp\/v2\/pages\/130\/revisions\/132"}],"wp:attachment":[{"href":"https:\/\/toskanamutfagim.com.tr\/index.php?rest_route=%2Fwp%2Fv2%2Fmedia&parent=130"}],"curies":[{"name":"wp","href":"https:\/\/api.w.org\/{rel}","templated":true}]}}